?
30
Calculate the highest common divisor of 39683 and 18639672.
5669
What is the highest common factor of 1377 and 220644?
81
What is the greatest common divisor of 3183 and 187800183?
3183
What is the highest common divisor of 4124 and 12914306?
2062
Calculate the greatest common divisor of 19610955 and 126945.
4095
What is the greatest common divisor of 5970 and 1066425?
15
What is the highest common factor of 782000 and 341360?
1360
What is the greatest common factor of 828 and 2200203?
207
What is the greatest common divisor of 31264 and 3982252?
3908
Calculate the highest common factor of 17336 and 13208456.
1576
What is the greatest common divisor of 34 and 659826168?
34
What is the greatest common factor of 24 and 46185660?
12
What is the greatest common divisor of 149400 and 495925?
2075
Calculate the greatest common factor of 5700 and 60200.
100
What is the greatest common divisor of 14407866 and 2430?
18
Calculate the greatest common factor of 986 and 13005.
17
Calculate the highest common factor of 725877798 and 17124.
8562
Calculate the highest common factor of 38 and 1796222.
38
Calculate the highest common factor of 12 and 911919024.
12
Calculate the greatest common factor of 1781 and 3419657.
137
Calculate the greatest common factor of 7 and 4960823.
7
Calculate the greatest common factor of 1984885 and 3115.
35
Calculate the greatest common factor of 127955 and 5881855.
815
What is the highest common factor of 5743348 and 2912?
52
What is the highest common factor of 53 and 33362970?
53
What is the greatest common divisor of 35850 and 204150?
150
Calculate the greatest common divisor of 1040 and 1383280.
80
Calculate the greatest common divisor of 81 and 648137943.
81
What is the highest common divisor of 390161196 and 1908?
1908
Calculate the highest common divisor of 2145 and 1361580.
165
What is the greatest common factor of 536116856 and 132?
44
Calculate the highest common factor of 4188 and 6484116.
12
What is the greatest common factor of 4383291 and 7095?
1419
Calculate the highest common divisor of 1344420 and 1375.
55
Calculate the greatest common factor of 38196 and 6444.
36
What is the highest common factor of 108924 and 522?
174
Calculate the highest common factor of 14820010 and 27790.
3970
Calculate the greatest common factor of 11128867 and 46223.
2719
What is the greatest common divisor of 357 and 1903111?
7
What is the greatest common divisor of 476 and 69076?
28
What is the greatest common divisor of 1634969 and 532?
133
Calculate the greatest common factor of 17878743 and 171.
9
What is the greatest common factor of 9688018 and 31894?
862
What is the highest common divisor of 51632424 and 972?
108
What is the greatest common factor of 74 and 11014049?
37
What is the highest common factor of 47465633 and 4022?
2011
Calculate the greatest common factor of 1626 and 1629.
3
Calculate the highest common factor of 304 and 810192.
16
Calculate the highest common divisor of 3 and 17094261.
3
What is the highest common divisor of 400 and 191795600?
400
Calculate the greatest common factor of 24490133 and 59.
59
Calculate the highest common factor of 8453955 and 3515.
95
What is the highest common divisor of 208 and 11078096?
16
What is the greatest common factor of 50 and 5923950?
50
What is the greatest common divisor of 106546676 and 3820?
764
Calculate the greatest common divisor of 77600 and 5523568.
1552
Calculate the greatest common factor of 4675 and 3759635.
935
What is the greatest common divisor of 135360 and 51315?
15
What is the highest common divisor of 9600 and 4220032?
128
Calculate the greatest common factor of 3584 and 26026.
14
Calculate the highest common factor of 549761 and 1501.
79
Calculate the highest common factor of 323167512 and 632.
632
What is the highest common factor of 470 and 26348?
2
Calculate the greatest common divisor of 1784 and 277328.
8
Calculate the highest common factor of 341904 and 36659148.
5028
Calculate the highest common factor of 1421 and 201955971.
203
Calculate the highest common factor of 3077 and 5709283.
181
What is the highest common factor of 1200 and 15964800?
1200
What is the highest common divisor of 105 and 4389357?
21
Calculate the greatest common divisor of 273033 and 7659.
207
Calculate the highest common divisor of 74106 and 1710882.
3222
Calculate the highest common factor of 1392522 and 58.
58
What is the greatest common factor of 4070 and 68167?
11
Calculate the highest common divisor of 1944 and 707184.
216
What is the greatest common factor of 87176 and 95336?
136
What is the greatest common factor of 14137 and 9805803?
211
What is the greatest common factor of 436704500 and 1700?
1700
Calculate the greatest common factor of 30654 and 18538858.
3406
What is the highest common divisor of 7260 and 183900?
60
What is the greatest common divisor of 4556 and 125558?
134
Calculate the greatest common divisor of 53820508 and 6608.
1652
What is the greatest common factor of 27478083 and 12?
3
Calculate the highest common divisor of 88522693 and 65534.
1057
Calculate the highest common divisor of 15 and 87845870.
5
What is the greatest common factor of 39701607 and 558?
93
What is the highest common factor of 244 and 16850152?
244
Calculate the greatest common factor of 1536 and 12831488.
256
Calculate the greatest common factor of 40972448 and 451.
451
Calculate the highest common divisor of 65169526 and 2.
2
What is the greatest common divisor of 3306 and 1415780174?
1102
What is the highest common factor of 37 and 147758279?
37
Calculate the greatest common divisor of 215250 and 17524500.
5250
What is the greatest common divisor of 247137 and 22209?
33
What is the highest common divisor of 247922535 and 420?
105
What is the greatest common divisor of 1652172 and 281388?
1572
What is the greatest common divisor of 8877045 and 15660?
435
What is the highest common factor of 98448 and 756?
84
Calculate the greatest common divisor of 10241 and 814968.
539
What is the highest common divisor of 35209010 and 10?
10
What is the greatest common divisor of 331784423 and 8774?
4387
What is the highest common factor of 1482 and 22817418?
78
Calculate the greatest common factor of 28674075 and 975.
75
What is the greatest common divisor of 96 and 501420?
12
What is the highest common divisor of 16328 and 4186091?
2041
Calculate the highest common factor of 11508852 and 131524.
1004
What is the highest common factor of 26660 and 41912?
124
Calculate the greatest common divisor of 6119865 and 1025.
205
What is the highest common divisor of 85 and 1108015?
5
What is the greatest common divisor of 110490 and 4087495?
635
What is the highest common factor of 26075 and 2327976?
1043
What is the highest common divisor of 419 and 18903?
1
What is the highest common divisor of 58134 and 150?
6
Calculate the highest common divisor of 321832 and 6310024.
392
What is the greatest common factor of 747903 and 1555242?
4953
Calculate the highest common divisor of 48170572 and 656.
164
Calculate the greatest common factor of 7 and 59380510.
7
Calculate the highest common divisor of 672 and 638508024.
168
What is the highest common divisor of 2806683 and 69564?
561
Calculate the greatest common factor of 94 and 226086074.
94
Calculate the highest common divisor of 15548394 and 48326.
662
What is the greatest common factor of 537834 and 383438?
638
What is the greatest common divisor of 99 and 44729432?
11
What is the highest common factor of 103204266 and 1012?
506
Calculate the highest common factor of 13 and 23922834.
13
Calculate the highest common divisor of 128 and 107308912.
16
Calculate the greatest common divisor of 11334917 and 98651.
829
Calculate the highest common divisor of 11337365 and 455.
65
Calculate the highest common divisor of 30700 and 75275.
25
Calculate the highest common divisor of 107406 and 1552746.
1326
What is the highest common factor of 131355 and 69639?
417
Calculate the greatest common factor of 6566 and 754922.
14
What is the highest common divisor of 8586 and 4325238?
162
Calculate the greatest common divisor of 235698 and 638634.
978
What is the highest common divisor of 3390 and 202146?
6
Calculate the greatest common divisor of 6549550 and 29